*m + 41. Calculate f(2).
1
Let m(k) = -k**3 - 14*k**2 - 14*k - 16. Determine m(-13).
-3
Let t(o) = 32*o - 354. Calculate t(11).
-2
Let l(o) = 2*o**3 + 8*o**2 - o + 7. What is l(-6)?
-131
Let y(i) = -i**3 - 6*i**2 - 3*i - 2. Give y(-5).
-12
Let m(x) = x**2 + 3*x - 3. What is m(-4)?
1
Let g(r) = -r**3 - 3*r**2 + 10*r + 9. Calculate g(5).
-141
Let t(m) = -m**3 - 7*m**2 + 6*m - 9. Determine t(-8).
7
Let v(r) = -r**3 - 9*r**2 - 7*r - 2. What is v(-8)?
-10
Let k(c) = c**3 + 8*c**2 + 6*c + 5. Determine k(-6).
41
Let p(o) = o**3 + 2*o**2 + 3*o + 3. Calculate p(-2).
-3
Let d(y) = 3*y + 8. What is d(-9)?
-19
Let o(a) = a**3 + 5*a**2 - 3*a - 8. Give o(-4).
20
Let a(v) = -v - 15. What is a(-27)?
12
Let i(m) = -2*m**2 + 21*m + 17. Calculate i(11).
6
Let g(i) = -4*i - 3. Calculate g(-3).
9
Let u(q) = -q**3 + 3*q**2 + 15*q - 49. What is u(4)?
-5
Let o(p) = -12*p - 10. Calculate o(0).
-10
Let b(v) = v**3 + 14*v**2 + 15*v + 28. Give b(-13).
2
Let k(p) = p**3 + 8*p**2 + 8*p - 22. Calculate k(-5).
13
Let g(y) = -y**2 + y. What is g(2)?
-2
Let w(l) = 23*l. What is w(0)?
0
Let x(t) = -2*t**3 - 19*t**2 + 11*t - 4. Give x(-10).
-14
Let s(i) = i**3 + 12*i**2 + 13*i - 4. Give s(-10).
66
Let n(x) = x**2 - 3*x - 4. Give n(-3).
14
Let s(t) = t**2 + 20*t - 28. Give s(-20).
-28
Let l(g) = g**2 - 14*g + 18. What is l(13)?
5
Let q(t) = -t**2 - 9*t - 12. Give q(-5).
8
Let d(x) = -5*x + 1. What is d(3)?
-14
Let g(b) = 2*b**2 + 11*b - 3. Give g(-8).
37
Let d(j) = -121*j + 1690. Determine d(14).
-4
Let i(w) = 13*w + 8. Calculate i(-3).
-31
Let a(k) = -41*k + 326. Calculate a(8).
-2
Let j(t) = 2*t - 106. Determine j(13).
-80
Let p(n) = 4*n - 5. Determine p(5).
15
Let l(d) = -d**2 + 17*d - 9. What is l(16)?
7
Let n(p) = 21*p - 486. Calculate n(23).
-3
Let d(z) = -z**2 + z + 13. Calculate d(-3).
1
Let o(y) = 3*y + 61. Determine o(-24).
-11
Let u(j) = 6*j + 4. Calculate u(1).
10
Let p(r) = -2*r**2 - 16*r - 1. Give p(-11).
-67
Let h(w) = -w - 2. Give h(4).
-6
Let a(s) = -3*s - 4. Calculate a(7).
-25
Let p(w) = w**3 + 4*w**2 + w - 3. What is p(-4)?
-7
Let g(p) = 2*p + 5. Give g(12).
29
Let k(t) = -t**3 - t**2 + 4*t - 6. Calculate k(-3).
0
Let o(t) = -t**3 + 2*t**2 - 2. Calculate o(-3).
43
Let b(m) = -m**2 + 25*m + 185. Determine b(-6).
-1
Let r(l) = l**3 - 2*l**2 - 4*l - 6. Determine r(4).
10
Let w(p) = -p + 4. Give w(4).
0
Let a(w) = 2*w**2 + 8*w - 6. Calculate a(-6).
18
Let w(d) = 9*d - 22. What is w(5)?
23
Let n(b) = 15*b + 1. Calculate n(-2).
-29
Let w(q) = q - 20. Give w(11).
-9
Let n(b) = -b**3 + 7*b**2 - 6*b + 10. What is n(6)?
10
Let q(p) = 7*p + 51. Calculate q(-8).
-5
Let o(l) = 2*l**3 + 34*l**2 - l. What is o(-17)?
17
Let v(o) = -o - 25. Determine v(-8).
-17
Let y(f) = f**3 - 10*f**2 - 3*f + 30. Calculate y(9).
-78
Let h(d) = 3*d - 6. Determine h(0).
-6
Let z(b) = -81*b - 4. Determine z(-2).
158
Let g(r) = 9*r + 1. Determine g(-2).
-17
Let a(q) = -10*q - 2. Determine a(-4).
38
Let p(o) = -o**2 + 1. What is p(1)?
0
Let n(c) = -9*c + 1. Calculate n(-2).
19
Let k(a) = -a**3 - 6*a**2 - 8*a - 18. Calculate k(-5).
-3
Let c(d) = -22*d - 156. What is c(-9)?
42
Let s(g) = 6*g - 5. Determine s(-6).
-41
Let l(j) = -2*j + 4. Calculate l(7).
-10
Let y(m) = -3*m - 7. Give y(-4).
5
Let i(l) = l**3 - 26*l**2 + 48*l + 4. What is i(24)?
4
Let f(p) = 5*p + 1. Determine f(3).
16
Let m(w) = 2*w**2 - 9*w - 19. Determine m(-5).
76
Let y(v) = -v**3 - 21*v**2 - 20*v + 6. Determine y(-20).
6
Let s(x) = 35*x + 250. Calculate s(-8).
-30
Let f(p) = p**3 - 15*p**2 + 46*p - 257. Give f(13).
3
Let o(i) = i + 13. Determine o(-9).
4
Let s(n) = -n**2 + 3*n + 3. Determine s(-2).
-7
Let f(u) = 56*u + 171. Give f(-3).
3
Let f(i) = -i + 18. What is f(8)?
10
Let w(n) = -2*n**2 - 7*n - 5. Determine w(-4).
-9
Let d(y) = y**3 - 3*y**2 - 3. What is d(4)?
13
Let m(h) = -23*h. Determine m(2).
-46
Let w(v) = -v**3 - 3*v**2 + 8*v - 1. Determine w(-6).
59
Let l(j) = -j**3 + 6*j**2 + 3*j - 7. Give l(6).
11
Let z(i) = -2*i - 9. Determine z(-9).
9
Let u(r) = r**3 - 4*r**2 - 8*r + 4. What is u(6)?
28
Let s(u) = -u**2 + 2*u + 56. What is s(-6)?
8
Let p(h) = -h**3 - 6*h**2 + h + 4. Determine p(-6).
-2
Let l(p) = -p**2 + 9*p + 7. Calculate l(11).
-15
Let l(u) = -u**2 + 10*u + 16. Calculate l(12).
-8
Let t(o) = 8*o + 13. Determine t(-3).
-11
Let m(z) = -z**3 + 37*z**2 - 73*z + 114. What is m(35)?
9
Let s(a) = -3*a - 3. Give s(-10).
27
Let p(i) = -2*i - 9. What is p(-4)?
-1
Let p(q) = -q**3 + 13*q**2 + 9*q - 26. Determine p(14).
-96
Let u(o) = 7*o + 1. Determine u(-5).
-34
Let z(p) = 4*p + 2. Calculate z(4).
18
Let n(i) = -i**3 - 30*i**2 + 63*i - 34. What is n(-32)?
-2
Let j(c) = -c**2 + 10*c + 6. What is j(10)?
6
Let i(u) = -3*u - 7. Determine i(-4).
5
Let v(q) = q**3 + 13*q**2 + 27*q + 35. Calculate v(-11).
-20
Let f(n) = 24*n + 129. Calculate f(-6).
-15
Let q(y) = -y**2 - 7*y + 6. Calculate q(-5).
16
Let o(p) = 2*p + 135. Determine o(-63).
9
Let h(y) = y**3 - 5*y**2 + 13*y - 16. What is h(3)?
5
Let i(q) = -3*q**2 - 2*q - 3. What is i(-4)?
-43
Let r(z) = -7*z + 7. Determine r(3).
-14
Let c(v) = v - 2. Determine c(5).
3
Let q(o) = 19*o**2 - 2. Calculate q(1).
17
Let g(a) = -a**3 - 12*a**2 - a - 10. Calculate g(-12).
2
Let z(w) = -27*w**2 + 8*w - 1. Calculate z(1).
-20
Let t(j) = 2*j**3 - 6*j**2 - 5*j + 2. What is t(4)?
14
Let i(r) = -2*r**3 + 5*r**2 - 2*r - 2. Determine i(3).
-17
Let a(t) = t**2 + 9*t - 31. Give a(-12).
5
Let p(y) = 2*y**2 - 4*y - 11. Calculate p(7).
59
Let j(l) = 9*l**2 - 52*l + 1. What is j(6)?
13
Let n(a) = -a**2 - 8*a - 10. What is n(-9)?
-19
Let b(c) = -18*c**2 + 17*c - 5. Determine b(2).
-43
Let n(h) = -h**2 + h - 1. What is n(1)?
-1
Let k(i) = -i**3 - 13*i**2 - 10*i + 8. Give k(-12).
-16
Let u(i) = i + 20. Calculate u(-4).
16
Let v(n) = -n**2 + 73. Give v(9).
-8
Let m(i) = -10*i + 14. Calculate m(8).
-66
Let n(p) = p**3 + 22*p**2 - 21*p + 47. Calculate n(-23).
1
Let q(d) = -d**2 + 12*d - 25. Calculate q(7).
10
Let v(k) = -k**3 + 13*k**2 - 24*k + 23. Determine v(11).
1
Let j(g) = g**2 - 9*g + 9. Calculate j(4).
-11
Let k(l) = -29*l + 22. Calculate k(1).
-7
Let r(w) = 2*w**2 + 2*w - 2. Calculate r(1).
2
Let l(i) = -i + 28. What is l(19)?
9
Let b(l) = 4*l + 13. What is b(-12)?
-35
Let v(o) = o**2 + 15*o - 6. Calculate v(-15).
-6
Let d(y) = -y**3 - 9*y**2 + 3. Give d(-6).
-105
Let k(n) = 6*n**2 - 35*n + 30. Calculate k(5).
5
Let a(z) = 14*z + 6. Calculate a(-2).
-22
Let i(c) = c**3 + 10*c**2 + 7*c - 13. Give i(-9).
5
Let s(y) = -y**2 - 21*y - 92. Determine s(-7).
6
Let b(h) = -h**2 - 16*h - 13. Determine b(-11).
42
Let w(s) = s**2 + s - 8. What is w(0)?
-8
Let z(u) = -u**3 + 5*u**2 - 2*u - 7. Give z(3).
5
Let p(u) = 28*u**2 + u. Calculate p(-1).
27
Let x(h) = -h**2 + 4*h - 26. What is x(5)?
-31
Let u(k) = -7*k**3 - 2*k**2 - 3. Calculate u(2).
-67
Let x(h) = -h**3 - 7*h**2 - 2*h + 22. Give x(0).
22
Let b(t) = -2*t**3 + 2*t - 1. Calculate b(-2).
11
Let n(i) = -i**2 + 12*i - 20. Calculate n(11).
-9
Let u(d) = -9*d + 6. Give u(-1).
15
Let l(c) = -c**3 - 11*c**2 - 9*c + 74. Calculate l(-9).
-7
Let o(h) = -2*h**2 - h - 1. Give o(-1).
-2
Let t(j) = 4*j + 6. Calculate t(-6).
-18
Let b(r) = 2*r**2 + 15*r - 276. What is b(-16)?
-4
Let w(g) = g**3 + 14*g**2 + 28*g + 199. Calculate w(-13).
4
Let f(u) = u - 12. Give f(-7).
-19
Let h(s) = 8*s + 3. Determine h(-3).
-21
Let p(w) = -w**3 - 4*w**2 - 6*w - 9. What is p(-3)?
0
Let r(m) = -50*m + 104. Calculate r(2).
4
Let p(f) = -f**3 - 5*f**2 + f - 1. Calculate p(-5).
-6
Let t(g) = 4*g + 17. Determine t(-7).
-11
Let p(m) = -35*m + 24. What is p(2)?
-46
Let f(z) = -z**3 + 22*z**2 - 22*z + 14. Calculate f(21).
-7
Let x(y) = y**2 + 18*y + 69. Give x(-14).
13
Let u(s) = -s + 15. Give u(12).
3
Let s(p) = p**3 + 13*p**2 + 2*p + 26. Calculate s(-13).
0
Let b(x) = x**3 + 5*x**2 - 9*x - 6. Determine b(-6).
12
Let j(v) = -v**3 + 5*v**2 - 2*v - 5. What is j(4)?
3
Let j(w) = -w**2 + 75*w + 568. Give j(-7).
-6
Let f(h) = h**3 + 17*h**2 - 17*h + 26. Determine f(-18).
8
Let h(f) = -f**2 - 28*f + 63. Give h(-29).
34
Let u(g) = 2*g**2 + 16*g - 61. Give u(3).
5
Let n(l) = -l**2 + 2*l - 6. Calculate n(3).
-9
Let z(a) = a + 28. Give z(-21).
7
Let s(y) = -16*y - 3. Determine s(-2).
29
Let x(r) = -41*r - 17. Determine x(-3).
106
Let f(v) = -v**3 - 10*v**2 - 7*v + 4. What is f(-8)?
-68
Let h(f) =